{"id":1611,"date":"2022-12-09T16:34:02","date_gmt":"2022-12-09T15:34:02","guid":{"rendered":"https:\/\/koral-hygiene.com\/?post_type=product&#038;p=1611"},"modified":"2022-12-12T09:45:57","modified_gmt":"2022-12-12T08:45:57","slug":"sapun-i-lenget-per-duar-shege-koral","status":"publish","type":"product","link":"https:\/\/koral-hygiene.com\/index.php\/product\/sapun-i-lenget-per-duar-shege-koral\/","title":{"rendered":"Sapun i l\u00ebng\u00ebt p\u00ebr duar Sheg\u00eb Koral"},"content":{"rendered":"<p>750ml &#8211; 12 cop\u00eb paketimi<\/p>\n","protected":false},"excerpt":{"rendered":"<p>750ml &#8211; 12 cop\u00eb paketimi<\/p>\n","protected":false},"featured_media":1608,"template":"","meta":{"_themeisle_gutenberg_block_has_review":false},"product_cat":[88,72],"product_tag":[],"class_list":["post-1611","product","type-product","status-publish","has-post-thumbnail","hentry","product_cat-bathroom","product_cat-liquid-soap"],"_links":{"self":[{"href":"https:\/\/koral-hygiene.com\/index.php\/wp-json\/wp\/v2\/product\/1611","targetHints":{"allow":["GET"]}}],"collection":[{"href":"https:\/\/koral-hygiene.com\/index.php\/wp-json\/wp\/v2\/product"}],"about":[{"href":"https:\/\/koral-hygiene.com\/index.php\/wp-json\/wp\/v2\/types\/product"}],"wp:featuredmedia":[{"embeddable":true,"href":"https:\/\/koral-hygiene.com\/index.php\/wp-json\/wp\/v2\/media\/1608"}],"wp:attachment":[{"href":"https:\/\/koral-hygiene.com\/index.php\/wp-json\/wp\/v2\/media?parent=1611"}],"wp:term":[{"taxonomy":"product_cat","embeddable":true,"href":"https:\/\/koral-hygiene.com\/index.php\/wp-json\/wp\/v2\/product_cat?post=1611"},{"taxonomy":"product_tag","embeddable":true,"href":"https:\/\/koral-hygiene.com\/index.php\/wp-json\/wp\/v2\/product_tag?post=1611"}],"curies":[{"name":"wp","href":"https:\/\/api.w.org\/{rel}","templated":true}]}}